{"id":29,"date":"2022-04-04T22:25:53","date_gmt":"2022-04-04T20:25:53","guid":{"rendered":"http:\/\/ulm-larochelle.fr\/?post_type=product&#038;p=29"},"modified":"2025-01-22T18:39:40","modified_gmt":"2025-01-22T17:39:40","slug":"le-marais-poitevin","status":"publish","type":"product","link":"https:\/\/ulm-larochelle.fr\/index.php\/produit\/le-marais-poitevin\/","title":{"rendered":"4 &#8211; Le Marais Poitevin"},"content":{"rendered":"<h2>Le Marais Poitevin<\/h2>\n<p>Vous d\u00e9collez\u00a0 et longez la campagne vend\u00e9enne et charentaise ,vous arrivez finalement au-dessus du Marais Poitevin avec ses diff\u00e9rents espaces : bois de la Vieille Vaigue, marais du Sablon, du Pain Perdu, de la Maroterie, de la Bourse de Chay&#8230; Vous en survolez plus d&rsquo;une vingtaine !<\/p>\n<p>une vue imprenable vous attends au survol de <a href=\"https:\/\/fr.wikipedia.org\/wiki\/Abbaye_Saint-Pierre_de_Maillezais\" target=\"_blank\" rel=\"noopener\">l&rsquo;abbaye de Maillezais<\/a><\/p>\n<h4>Tarif<\/h4>\n<ul>\n<li>Prix compris pour : 1 personne.<\/li>\n<li>Validit\u00e9 : 365 jours.<\/li>\n<li>Paiements : Individuel ou paiement de groupe.<\/li>\n<\/ul>\n<h4>Description<\/h4>\n<ul>\n<li>D\u00e9couverte de l\u2019Autogire et explication des sp\u00e9cificit\u00e9s de la machine.<\/li>\n<li>Bapt\u00eame de l\u2019air en autogire.<\/li>\n<\/ul>\n<h4 class=\" wp-block-heading eplus-wrapper\">Infos utiles<\/h4>\n<ul class=\" eplus-wrapper eplus-styles-uid-a5bbc5\">\n<li class=\" eplus-wrapper\"><strong>Minimum 10 ans<\/strong>, l\u2019autorisation des parents est demand\u00e9e pour les mineurs.<\/li>\n<li class=\" eplus-wrapper\">Taille maximale :\u00a0<strong>1.98\u00a0m<\/strong>. Poids maximum :\u00a0<strong>90 kg<\/strong>.<\/li>\n<li class=\" eplus-wrapper\">1 seul passager possible \u00e0 bord. Casque audio fourni.<\/li>\n<li class=\" eplus-wrapper\"><strong>Vols simultan\u00e9s possibles<\/strong>\u00a0en patrouille (voir les circuits).<\/li>\n<li class=\" eplus-wrapper\">Les accompagnants sont autoris\u00e9s sur le site.<\/li>\n<li class=\" eplus-wrapper\"><strong>Vol accessible<\/strong>\u00a0aux personnes \u00e0\u00a0<strong>mobilit\u00e9 r\u00e9duite<\/strong>.<\/li>\n<\/ul>\n","protected":false},"excerpt":{"rendered":"<h2>Le Marais Poitevin<\/h2>\n<p>Offrez-vous une exp\u00e9rience <b>exceptionnelle<\/b>! Votre vol en ULM autogire vous emm\u00e8ne survoler l&rsquo;un des grands sites de France, le <strong>Marais<\/strong> <strong>Poitevin<\/strong>, un spectacle visuel tapiss\u00e9 de vert. Depuis le ciel, le paysage semble comme quadrill\u00e9 ! Chaque marais est parfaitement entour\u00e9 de v\u00e9g\u00e9tation, les formes g\u00e9om\u00e9triques sont impressionnantes. <a href=\"https:\/\/www.la-venise-verte.com\/\"><strong>C&rsquo;est la Venise Verte!<\/strong><\/a><\/p>\n<p>Le <strong>Marais Poitevin\u00a0<\/strong> et la <strong>S\u00e8vre<\/strong> <strong>Niortaise, <\/strong>votre Circuit <strong>D\u00e9couverte <\/strong>.<\/p>\n<p>D\u00e9couvrez la <a href=\"https:\/\/www.la-venise-verte.com\/\" target=\"_blank\" rel=\"noopener\"><strong>Venise<\/strong> <strong>verte<\/strong><\/a> pendant un Bapt\u00eame de l&rsquo;air en autogire. Vous aurez tout le loisir d\u2019immortaliser ces moments magiques gr\u00e2ce \u00e0 <a href=\"https:\/\/ulm-larochelle.fr\/index.php\/produit\/option-video\/\">l&rsquo;option Vid\u00e9o<\/a> qui vous sera propos\u00e9e<\/p>\n","protected":false},"featured_media":2886,"template":"","meta":{"inline_featured_image":false,"editor_plus_copied_stylings":"{}","jetpack_publicize_message":"","jetpack_publicize_feature_enabled":true,"jetpack_social_post_already_shared":true,"jetpack_social_options":{"image_generator_settings":{"template":"highway","default_image_id":0,"font":"","enabled":false},"version":2}},"product_brand":[],"product_cat":[19],"product_tag":[],"class_list":{"0":"post-29","1":"product","2":"type-product","3":"status-publish","4":"has-post-thumbnail","6":"product_cat-vol-panoramique","8":"first","9":"instock","10":"virtual","11":"purchasable","12":"product-type-simple"},"jetpack_publicize_connections":[],"jetpack_sharing_enabled":true,"_links":{"self":[{"href":"https:\/\/ulm-larochelle.fr\/index.php\/wp-json\/wp\/v2\/product\/29","targetHints":{"allow":["GET"]}}],"collection":[{"href":"https:\/\/ulm-larochelle.fr\/index.php\/wp-json\/wp\/v2\/product"}],"about":[{"href":"https:\/\/ulm-larochelle.fr\/index.php\/wp-json\/wp\/v2\/types\/product"}],"wp:featuredmedia":[{"embeddable":true,"href":"https:\/\/ulm-larochelle.fr\/index.php\/wp-json\/wp\/v2\/media\/2886"}],"wp:attachment":[{"href":"https:\/\/ulm-larochelle.fr\/index.php\/wp-json\/wp\/v2\/media?parent=29"}],"wp:term":[{"taxonomy":"product_brand","embeddable":true,"href":"https:\/\/ulm-larochelle.fr\/index.php\/wp-json\/wp\/v2\/product_brand?post=29"},{"taxonomy":"product_cat","embeddable":true,"href":"https:\/\/ulm-larochelle.fr\/index.php\/wp-json\/wp\/v2\/product_cat?post=29"},{"taxonomy":"product_tag","embeddable":true,"href":"https:\/\/ulm-larochelle.fr\/index.php\/wp-json\/wp\/v2\/product_tag?post=29"}],"curies":[{"name":"wp","href":"https:\/\/api.w.org\/{rel}","templated":true}]}}